{"id":16,"date":"2016-10-08T02:00:27","date_gmt":"2016-10-08T00:00:27","guid":{"rendered":"[vc_row][vc_column width=\"1\/1\"][tmq_blog style=\"normal\" show_details=\"yes\" grid_columns=\"2\" items=\"6\" pagination=\"multipage\" pagination_align=\"tmq_left\" pagination_location=\"tmq_bottom\" order_item=\"date\" order_type=\"DES\"][\/vc_column][\/vc_row]"},"modified":"2016-10-08T02:00:27","modified_gmt":"2016-10-08T00:00:27","slug":"home-adria-dizalice-prodaja-najam-odrazavanje-gradevinskih-dizalica-prodaja-rezervnih-dijelova-za-gradevinske-dizalice-prodaja-kranova-prodaja-prodaja-dizalica","status":"publish","type":"page","link":"https:\/\/www.adriadizalice.com.hr\/","title":{"rendered":"Home &#8211; Adria Dizalice &#8211; prodaja, najam, odra\u017eavanje gra\u0111evinskih dizalica, prodaja rezervnih dijelova za gra\u0111evinske dizalice, prodaja kranova, prodaja, prodaja dizalica"},"content":{"rendered":"\t<div class=\"vc_row wpb_row row\"  >\n\t<div class=\"vc_col-sm-12 wpb_column vc_column_container \">\n\t\t<div class=\"wpb_wrapper\">\n\t\t\t<div class=\"latest-post\"><!--Start Blog--><div class=\"row\"><div class=\"col-md-6\"><div class=\"b-item news-item\">\n\t\t\t\t\t\t\t<div class=\"inner-item\"><a href=\"https:\/\/www.adriadizalice.com.hr\/?p=148691\"><img decoding=\"async\" src=\"https:\/\/www.adriadizalice.com.hr\/wp-content\/uploads\/2020\/08\/20200804_094513-700x420.jpg\" class=\"attachment-slideshow size-slideshow wp-post-image\" alt=\"\" \/><\/a><div class=\"hover-item\">\n\t\t\t\t\t\t\t\t\t\t<ul>\n\t\t\t\t\t\t\t\t\t\t\t<li><a class=\"autor\" href=\"https:\/\/www.adriadizalice.com.hr\/?author=2\"><i class=\"fa fa-user\"><\/i>admin<\/a><\/li>\n\t\t\t\t\t\t\t\t\t\t\t<li><a class=\"date\"><i class=\"fa fa-clock-o\"><\/i> 17\/08\/2020<\/a><\/li><li><a class=\"comment-numb\" href=\"https:\/\/www.adriadizalice.com.hr\/?p=148691#respond\"><i class=\"fa fa-comments\"><\/i> Bez komentara<\/a><\/li><\/ul>\n\t\t\t\t\t\t\t\t\t<\/div><\/div>\n\t\t\t\t\t\t\t<h2><a href=\"https:\/\/www.adriadizalice.com.hr\/?p=148691\">RAIMONDI MR 153\/155 \u2013 gra\u0111evinska dizalica\/kran maksimalna nosivost 8.000kg ruka 63m visina do kuke 42m<\/a><\/h2>\n\t\t\t\t\t\t\t<p>RAIMONDI MR 153\/155 \u2013 gra\u0111evinska dizalica\/kran maksimalna nosivost 8.000kg godina 1999du\u017eina ruke 63mvisina do kuke 42mmaksimalna nosivost 1400kg\/[...]<\/p>\n\t\t\t\t\t\t\t<a class=\"read-more\" href=\"https:\/\/www.adriadizalice.com.hr\/?p=148691\">Detaljnije <i class=\"fa fa-arrow-right\"><\/i><\/a>\n\t\t\t\t\t\t<\/div><\/div><div class=\"col-md-6\"><div class=\"b-item news-item\">\n\t\t\t\t\t\t\t<div class=\"inner-item\"><a href=\"https:\/\/www.adriadizalice.com.hr\/?p=148681\"><img decoding=\"async\" src=\"https:\/\/www.adriadizalice.com.hr\/wp-content\/uploads\/2020\/08\/20200803_132641_resized-700x420.jpg\" class=\"attachment-slideshow size-slideshow wp-post-image\" alt=\"\" \/><\/a><div class=\"hover-item\">\n\t\t\t\t\t\t\t\t\t\t<ul>\n\t\t\t\t\t\t\t\t\t\t\t<li><a class=\"autor\" href=\"https:\/\/www.adriadizalice.com.hr\/?author=2\"><i class=\"fa fa-user\"><\/i>admin<\/a><\/li>\n\t\t\t\t\t\t\t\t\t\t\t<li><a class=\"date\"><i class=\"fa fa-clock-o\"><\/i> 17\/08\/2020<\/a><\/li><li><a class=\"comment-numb\" href=\"https:\/\/www.adriadizalice.com.hr\/?p=148681#respond\"><i class=\"fa fa-comments\"><\/i> Bez komentara<\/a><\/li><\/ul>\n\t\t\t\t\t\t\t\t\t<\/div><\/div>\n\t\t\t\t\t\t\t<h2><a href=\"https:\/\/www.adriadizalice.com.hr\/?p=148681\">RAIMONDI MR 123 \u2013 gra\u0111evinska dizalica\/kran maksimalna nosivost 8.000kg   ruka 60m visina do kuke 42m<\/a><\/h2>\n\t\t\t\t\t\t\t<p>RAIMONDI MR 123 \u2013 gra\u0111evinska dizalica\/kran maksimalna nosivost 8.000kg godina 2001, kompletno obnovljena 03\/2020du\u017eina ruke 60mvisina do kuke[...]<\/p>\n\t\t\t\t\t\t\t<a class=\"read-more\" href=\"https:\/\/www.adriadizalice.com.hr\/?p=148681\">Detaljnije <i class=\"fa fa-arrow-right\"><\/i><\/a>\n\t\t\t\t\t\t<\/div><\/div><\/div><!--end after counter--><div class=\"row\"><div class=\"col-md-6\"><div class=\"b-item news-item\">\n\t\t\t\t\t\t\t<div class=\"inner-item\"><a href=\"https:\/\/www.adriadizalice.com.hr\/?p=148655\"><img decoding=\"async\" src=\"https:\/\/www.adriadizalice.com.hr\/wp-content\/uploads\/2020\/02\/sblocco_rotazione25-700x420.jpg\" class=\"attachment-slideshow size-slideshow wp-post-image\" alt=\"\" \/><\/a><div class=\"hover-item\">\n\t\t\t\t\t\t\t\t\t\t<ul>\n\t\t\t\t\t\t\t\t\t\t\t<li><a class=\"autor\" href=\"https:\/\/www.adriadizalice.com.hr\/?author=2\"><i class=\"fa fa-user\"><\/i>admin<\/a><\/li>\n\t\t\t\t\t\t\t\t\t\t\t<li><a class=\"date\"><i class=\"fa fa-clock-o\"><\/i> 05\/02\/2020<\/a><\/li><li><a class=\"comment-numb\" href=\"https:\/\/www.adriadizalice.com.hr\/?p=148655#respond\"><i class=\"fa fa-comments\"><\/i> Bez komentara<\/a><\/li><\/ul>\n\t\t\t\t\t\t\t\t\t<\/div><\/div>\n\t\t\t\t\t\t\t<h2><a href=\"https:\/\/www.adriadizalice.com.hr\/?p=148655\">S-blok rotacije<\/a><\/h2>\n\t\t\t\t\t\t\t<p>[...]<\/p>\n\t\t\t\t\t\t\t<a class=\"read-more\" href=\"https:\/\/www.adriadizalice.com.hr\/?p=148655\">Detaljnije <i class=\"fa fa-arrow-right\"><\/i><\/a>\n\t\t\t\t\t\t<\/div><\/div><div class=\"col-md-6\"><div class=\"b-item news-item\">\n\t\t\t\t\t\t\t<div class=\"inner-item\"><a href=\"https:\/\/www.adriadizalice.com.hr\/?p=148650\"><img decoding=\"async\" src=\"https:\/\/www.adriadizalice.com.hr\/wp-content\/uploads\/2020\/02\/ventola_completa-700x420.jpg\" class=\"attachment-slideshow size-slideshow wp-post-image\" alt=\"\" \/><\/a><div class=\"hover-item\">\n\t\t\t\t\t\t\t\t\t\t<ul>\n\t\t\t\t\t\t\t\t\t\t\t<li><a class=\"autor\" href=\"https:\/\/www.adriadizalice.com.hr\/?author=2\"><i class=\"fa fa-user\"><\/i>admin<\/a><\/li>\n\t\t\t\t\t\t\t\t\t\t\t<li><a class=\"date\"><i class=\"fa fa-clock-o\"><\/i> 05\/02\/2020<\/a><\/li><li><a class=\"comment-numb\" href=\"https:\/\/www.adriadizalice.com.hr\/?p=148650#respond\"><i class=\"fa fa-comments\"><\/i> Bez komentara<\/a><\/li><\/ul>\n\t\t\t\t\t\t\t\t\t<\/div><\/div>\n\t\t\t\t\t\t\t<h2><a href=\"https:\/\/www.adriadizalice.com.hr\/?p=148650\">Ventilatori za elektromotore<\/a><\/h2>\n\t\t\t\t\t\t\t<p>[...]<\/p>\n\t\t\t\t\t\t\t<a class=\"read-more\" href=\"https:\/\/www.adriadizalice.com.hr\/?p=148650\">Detaljnije <i class=\"fa fa-arrow-right\"><\/i><\/a>\n\t\t\t\t\t\t<\/div><\/div><\/div><!--end after counter--><div class=\"row\"><div class=\"col-md-6\"><div class=\"b-item news-item\">\n\t\t\t\t\t\t\t<div class=\"inner-item\"><a href=\"https:\/\/www.adriadizalice.com.hr\/?p=148644\"><img decoding=\"async\" src=\"https:\/\/www.adriadizalice.com.hr\/wp-content\/uploads\/2020\/02\/tower-crane-slewing-bearing-2-700x420.jpg\" class=\"attachment-slideshow size-slideshow wp-post-image\" alt=\"\" \/><\/a><div class=\"hover-item\">\n\t\t\t\t\t\t\t\t\t\t<ul>\n\t\t\t\t\t\t\t\t\t\t\t<li><a class=\"autor\" href=\"https:\/\/www.adriadizalice.com.hr\/?author=2\"><i class=\"fa fa-user\"><\/i>admin<\/a><\/li>\n\t\t\t\t\t\t\t\t\t\t\t<li><a class=\"date\"><i class=\"fa fa-clock-o\"><\/i> 05\/02\/2020<\/a><\/li><li><a class=\"comment-numb\" href=\"https:\/\/www.adriadizalice.com.hr\/?p=148644#respond\"><i class=\"fa fa-comments\"><\/i> Bez komentara<\/a><\/li><\/ul>\n\t\t\t\t\t\t\t\t\t<\/div><\/div>\n\t\t\t\t\t\t\t<h2><a href=\"https:\/\/www.adriadizalice.com.hr\/?p=148644\">Vijenci za gra\u0111evinske dizalice \/ kranove<\/a><\/h2>\n\t\t\t\t\t\t\t<p>[...]<\/p>\n\t\t\t\t\t\t\t<a class=\"read-more\" href=\"https:\/\/www.adriadizalice.com.hr\/?p=148644\">Detaljnije <i class=\"fa fa-arrow-right\"><\/i><\/a>\n\t\t\t\t\t\t<\/div><\/div><div class=\"col-md-6\"><div class=\"b-item news-item\">\n\t\t\t\t\t\t\t<div class=\"inner-item\"><a href=\"https:\/\/www.adriadizalice.com.hr\/?p=148642\"><img decoding=\"async\" src=\"https:\/\/www.adriadizalice.com.hr\/wp-content\/uploads\/2020\/02\/freno_elettromagnetico-700x420.jpg\" class=\"attachment-slideshow size-slideshow wp-post-image\" alt=\"\" \/><\/a><div class=\"hover-item\">\n\t\t\t\t\t\t\t\t\t\t<ul>\n\t\t\t\t\t\t\t\t\t\t\t<li><a class=\"autor\" href=\"https:\/\/www.adriadizalice.com.hr\/?author=2\"><i class=\"fa fa-user\"><\/i>admin<\/a><\/li>\n\t\t\t\t\t\t\t\t\t\t\t<li><a class=\"date\"><i class=\"fa fa-clock-o\"><\/i> 05\/02\/2020<\/a><\/li><li><a class=\"comment-numb\" href=\"https:\/\/www.adriadizalice.com.hr\/?p=148642#respond\"><i class=\"fa fa-comments\"><\/i> Bez komentara<\/a><\/li><\/ul>\n\t\t\t\t\t\t\t\t\t<\/div><\/div>\n\t\t\t\t\t\t\t<h2><a href=\"https:\/\/www.adriadizalice.com.hr\/?p=148642\">Elektromagneti \/ bobine \/ ko\u010dnice<\/a><\/h2>\n\t\t\t\t\t\t\t<p>[...]<\/p>\n\t\t\t\t\t\t\t<a class=\"read-more\" href=\"https:\/\/www.adriadizalice.com.hr\/?p=148642\">Detaljnije <i class=\"fa fa-arrow-right\"><\/i><\/a>\n\t\t\t\t\t\t<\/div><\/div><\/div><!--end after counter-->\n\t<\/div><!--Close Container--><div class=\"row\"><div class=\"col-md-12 col-xs-12 text-left\"><ul class='page-numbers'>\n\t<li><span aria-current=\"page\" class=\"page-numbers current\">1<\/span><\/li>\n\t<li><a class=\"page-numbers\" href=\"\/index.php?rest_route=%2Fwp%2Fv2%2Fpages%2F16&#038;=2\">2<\/a><\/li>\n\t<li><a class=\"page-numbers\" href=\"\/index.php?rest_route=%2Fwp%2Fv2%2Fpages%2F16&#038;=3\">3<\/a><\/li>\n\t<li><a class=\"page-numbers\" href=\"\/index.php?rest_route=%2Fwp%2Fv2%2Fpages%2F16&#038;=4\">4<\/a><\/li>\n\t<li><a class=\"page-numbers\" href=\"\/index.php?rest_route=%2Fwp%2Fv2%2Fpages%2F16&#038;=5\">5<\/a><\/li>\n\t<li><a class=\"page-numbers\" href=\"\/index.php?rest_route=%2Fwp%2Fv2%2Fpages%2F16&#038;=6\">6<\/a><\/li>\n\t<li><span class=\"page-numbers dots\">&hellip;<\/span><\/li>\n\t<li><a class=\"page-numbers\" href=\"\/index.php?rest_route=%2Fwp%2Fv2%2Fpages%2F16&#038;=21\">21<\/a><\/li>\n\t<li><a class=\"next page-numbers\" href=\"\/index.php?rest_route=%2Fwp%2Fv2%2Fpages%2F16&#038;=2\">&raquo;<\/a><\/li>\n<\/ul>\n<\/div><\/div>\n\t\t<\/div> \n\t<\/div> \n<\/div><div class=\"vc_row-full-width\"><\/div>\n","protected":false},"excerpt":{"rendered":"","protected":false},"author":2,"featured_media":5857,"parent":0,"menu_order":0,"comment_status":"open","ping_status":"open","template":"homepage.php","meta":{"footnotes":""},"class_list":["post-16","page","type-page","status-publish","has-post-thumbnail","hentry"],"_links":{"self":[{"href":"https:\/\/www.adriadizalice.com.hr\/index.php?rest_route=\/wp\/v2\/pages\/16","targetHints":{"allow":["GET"]}}],"collection":[{"href":"https:\/\/www.adriadizalice.com.hr\/index.php?rest_route=\/wp\/v2\/pages"}],"about":[{"href":"https:\/\/www.adriadizalice.com.hr\/index.php?rest_route=\/wp\/v2\/types\/page"}],"author":[{"embeddable":true,"href":"https:\/\/www.adriadizalice.com.hr\/index.php?rest_route=\/wp\/v2\/users\/2"}],"replies":[{"embeddable":true,"href":"https:\/\/www.adriadizalice.com.hr\/index.php?rest_route=%2Fwp%2Fv2%2Fcomments&post=16"}],"version-history":[{"count":0,"href":"https:\/\/www.adriadizalice.com.hr\/index.php?rest_route=\/wp\/v2\/pages\/16\/revisions"}],"wp:featuredmedia":[{"embeddable":true,"href":"https:\/\/www.adriadizalice.com.hr\/index.php?rest_route=\/wp\/v2\/media\/5857"}],"wp:attachment":[{"href":"https:\/\/www.adriadizalice.com.hr\/index.php?rest_route=%2Fwp%2Fv2%2Fmedia&parent=16"}],"curies":[{"name":"wp","href":"https:\/\/api.w.org\/{rel}","templated":true}]}}