{"id":470,"date":"2015-03-15T19:23:47","date_gmt":"2015-03-15T19:23:47","guid":{"rendered":"[vc_row][vc_column width=\"1\/1\"][tmq_blog style=\"normal\" show_details=\"yes\" grid_columns=\"2\" items=\"16\" pagination=\"multipage\" pagination_align=\"tmq_left\" pagination_location=\"tmq_bottom\" category_filter=\"najam,prodaja,uncategorized,betonare,rovokopaci,min"},"modified":"2015-03-15T19:23:47","modified_gmt":"2015-03-15T19:23:47","slug":"novosti","status":"publish","type":"page","link":"https:\/\/www.adriadizalice.com.hr\/?page_id=470","title":{"rendered":"Novosti"},"content":{"rendered":"\t<div class=\"vc_row wpb_row row\"  >\n\t<div class=\"vc_col-sm-12 wpb_column vc_column_container \">\n\t\t<div class=\"wpb_wrapper\">\n\t\t\t<div class=\"latest-post\"><!--Start Blog--><div class=\"row\"><div class=\"col-md-6\"><div class=\"b-item news-item\">\n\t\t\t\t\t\t\t<div class=\"inner-item\"><a href=\"https:\/\/www.adriadizalice.com.hr\/?p=21151\"><img decoding=\"async\" src=\"https:\/\/www.adriadizalice.com.hr\/wp-content\/uploads\/2016\/07\/DSC_1152-P-700x420.jpg\" class=\"attachment-slideshow size-slideshow wp-post-image\" alt=\"\" \/><\/a><div class=\"hover-item\">\n\t\t\t\t\t\t\t\t\t\t<ul>\n\t\t\t\t\t\t\t\t\t\t\t<li><a class=\"autor\" href=\"https:\/\/www.adriadizalice.com.hr\/?author=2\"><i class=\"fa fa-user\"><\/i>admin<\/a><\/li>\n\t\t\t\t\t\t\t\t\t\t\t<li><a class=\"date\"><i class=\"fa fa-clock-o\"><\/i> 31\/07\/2016<\/a><\/li><li><a class=\"comment-numb\" href=\"https:\/\/www.adriadizalice.com.hr\/?p=21151#respond\"><i class=\"fa fa-comments\"><\/i> Bez komentara<\/a><\/li><\/ul>\n\t\t\t\t\t\t\t\t\t<\/div><\/div>\n\t\t\t\t\t\t\t<h2><a href=\"https:\/\/www.adriadizalice.com.hr\/?p=21151\">FB GRU GA41M2 &#8211; GODINA 1987. ruka 14m<\/a><\/h2>\n\t\t\t\t\t\t\t<p>du\u017eina ruke 14m visina do kuke 12m \/15,5m maksimalna nosivost 400kg\/800kg hidrauli\u010dno montiranje podvoz za prijevoz do 25km\/h[...]<\/p>\n\t\t\t\t\t\t\t<a class=\"read-more\" href=\"https:\/\/www.adriadizalice.com.hr\/?p=21151\">Detaljnije <i class=\"fa fa-arrow-right\"><\/i><\/a>\n\t\t\t\t\t\t<\/div><\/div><div class=\"col-md-6\"><div class=\"b-item news-item\">\n\t\t\t\t\t\t\t<div class=\"inner-item\"><a href=\"https:\/\/www.adriadizalice.com.hr\/?p=16064\"><img decoding=\"async\" src=\"https:\/\/www.adriadizalice.com.hr\/wp-content\/uploads\/2016\/07\/EDILGRU-MH-TURBO-12-14-700x420.jpg\" class=\"attachment-slideshow size-slideshow wp-post-image\" alt=\"\" \/><\/a><div class=\"hover-item\">\n\t\t\t\t\t\t\t\t\t\t<ul>\n\t\t\t\t\t\t\t\t\t\t\t<li><a class=\"autor\" href=\"https:\/\/www.adriadizalice.com.hr\/?author=2\"><i class=\"fa fa-user\"><\/i>admin<\/a><\/li>\n\t\t\t\t\t\t\t\t\t\t\t<li><a class=\"date\"><i class=\"fa fa-clock-o\"><\/i> 31\/07\/2016<\/a><\/li><li><a class=\"comment-numb\" href=\"https:\/\/www.adriadizalice.com.hr\/?p=16064#respond\"><i class=\"fa fa-comments\"><\/i> Bez komentara<\/a><\/li><\/ul>\n\t\t\t\t\t\t\t\t\t<\/div><\/div>\n\t\t\t\t\t\t\t<h2><a href=\"https:\/\/www.adriadizalice.com.hr\/?p=16064\">EDILGRU M.H. TURBO 12\/14 god. 2000  &#8211; ruka 14m<\/a><\/h2>\n\t\t\t\t\t\t\t<p>EDILGRU MH TURBO 12-14 du\u017eina ruke 14m visina do kuke 12,50m maksimalna nosivost 1000kg \/400kg monofatna \/ 220V[...]<\/p>\n\t\t\t\t\t\t\t<a class=\"read-more\" href=\"https:\/\/www.adriadizalice.com.hr\/?p=16064\">Detaljnije <i class=\"fa fa-arrow-right\"><\/i><\/a>\n\t\t\t\t\t\t<\/div><\/div><\/div><!--end after counter--><div class=\"row\"><div class=\"col-md-6\"><div class=\"b-item news-item\">\n\t\t\t\t\t\t\t<div class=\"inner-item\"><a href=\"https:\/\/www.adriadizalice.com.hr\/?p=19741\"><img decoding=\"async\" src=\"https:\/\/www.adriadizalice.com.hr\/wp-content\/uploads\/2016\/07\/EDILMAC-Y166-700x420.jpg\" class=\"attachment-slideshow size-slideshow wp-post-image\" alt=\"\" \/><\/a><div class=\"hover-item\">\n\t\t\t\t\t\t\t\t\t\t<ul>\n\t\t\t\t\t\t\t\t\t\t\t<li><a class=\"autor\" href=\"https:\/\/www.adriadizalice.com.hr\/?author=2\"><i class=\"fa fa-user\"><\/i>admin<\/a><\/li>\n\t\t\t\t\t\t\t\t\t\t\t<li><a class=\"date\"><i class=\"fa fa-clock-o\"><\/i> 31\/07\/2016<\/a><\/li><li><a class=\"comment-numb\" href=\"https:\/\/www.adriadizalice.com.hr\/?p=19741#respond\"><i class=\"fa fa-comments\"><\/i> Bez komentara<\/a><\/li><\/ul>\n\t\t\t\t\t\t\t\t\t<\/div><\/div>\n\t\t\t\t\t\t\t<h2><a href=\"https:\/\/www.adriadizalice.com.hr\/?p=19741\">EDILMAC E 166 HY &#8211; godina 1998. ruka 16m<\/a><\/h2>\n\t\t\t\t\t\t\t<p>EDILMAC E 166 HY PDF -du\u017eina ruke 16m -visina do kuke 15m -maksimalna nosivost 600kg\/1000kg -radio komande -radius[...]<\/p>\n\t\t\t\t\t\t\t<a class=\"read-more\" href=\"https:\/\/www.adriadizalice.com.hr\/?p=19741\">Detaljnije <i class=\"fa fa-arrow-right\"><\/i><\/a>\n\t\t\t\t\t\t<\/div><\/div><div class=\"col-md-6\"><div class=\"b-item news-item\">\n\t\t\t\t\t\t\t<div class=\"inner-item\"><a href=\"https:\/\/www.adriadizalice.com.hr\/?p=20776\"><img decoding=\"async\" src=\"https:\/\/www.adriadizalice.com.hr\/wp-content\/uploads\/2016\/07\/M.H.-TURBO-18-E-2006-700x420.jpg\" class=\"attachment-slideshow size-slideshow wp-post-image\" alt=\"\" \/><\/a><div class=\"hover-item\">\n\t\t\t\t\t\t\t\t\t\t<ul>\n\t\t\t\t\t\t\t\t\t\t\t<li><a class=\"autor\" href=\"https:\/\/www.adriadizalice.com.hr\/?author=2\"><i class=\"fa fa-user\"><\/i>admin<\/a><\/li>\n\t\t\t\t\t\t\t\t\t\t\t<li><a class=\"date\"><i class=\"fa fa-clock-o\"><\/i> 31\/07\/2016<\/a><\/li><li><a class=\"comment-numb\" href=\"https:\/\/www.adriadizalice.com.hr\/?p=20776#respond\"><i class=\"fa fa-comments\"><\/i> Bez komentara<\/a><\/li><\/ul>\n\t\t\t\t\t\t\t\t\t<\/div><\/div>\n\t\t\t\t\t\t\t<h2><a href=\"https:\/\/www.adriadizalice.com.hr\/?p=20776\">EDILGRU MH Turbo 18E &#8211; godina 2006. ruka 18m<\/a><\/h2>\n\t\t\t\t\t\t\t<p>EDILGRU MH Turbo 18E du\u017eina ruke 18m visina do kuke 16m \/ 20m maksimalna nosivost 600kg \/ 1200kg[...]<\/p>\n\t\t\t\t\t\t\t<a class=\"read-more\" href=\"https:\/\/www.adriadizalice.com.hr\/?p=20776\">Detaljnije <i class=\"fa fa-arrow-right\"><\/i><\/a>\n\t\t\t\t\t\t<\/div><\/div><\/div><!--end after counter--><div class=\"row\"><div class=\"col-md-6\"><div class=\"b-item news-item\">\n\t\t\t\t\t\t\t<div class=\"inner-item\"><a href=\"https:\/\/www.adriadizalice.com.hr\/?p=20274\"><img decoding=\"async\" src=\"https:\/\/www.adriadizalice.com.hr\/wp-content\/uploads\/2016\/07\/GA-620-1998-1-700x420.jpg\" class=\"attachment-slideshow size-slideshow wp-post-image\" alt=\"\" \/><\/a><div class=\"hover-item\">\n\t\t\t\t\t\t\t\t\t\t<ul>\n\t\t\t\t\t\t\t\t\t\t\t<li><a class=\"autor\" href=\"https:\/\/www.adriadizalice.com.hr\/?author=2\"><i class=\"fa fa-user\"><\/i>admin<\/a><\/li>\n\t\t\t\t\t\t\t\t\t\t\t<li><a class=\"date\"><i class=\"fa fa-clock-o\"><\/i> 31\/07\/2016<\/a><\/li><li><a class=\"comment-numb\" href=\"https:\/\/www.adriadizalice.com.hr\/?p=20274#respond\"><i class=\"fa fa-comments\"><\/i> Bez komentara<\/a><\/li><\/ul>\n\t\t\t\t\t\t\t\t\t<\/div><\/div>\n\t\t\t\t\t\t\t<h2><a href=\"https:\/\/www.adriadizalice.com.hr\/?p=20274\">FB GRU 620S hydraulic &#8211; godina 1998. ruka 20m<\/a><\/h2>\n\t\t\t\t\t\t\t<p>FB GRU 620S PDF du\u017eina ruke 20m visina do kuke 17m \/ 22m poluga za postavljanje balasta \u017ei\u010dane[...]<\/p>\n\t\t\t\t\t\t\t<a class=\"read-more\" href=\"https:\/\/www.adriadizalice.com.hr\/?p=20274\">Detaljnije <i class=\"fa fa-arrow-right\"><\/i><\/a>\n\t\t\t\t\t\t<\/div><\/div><div class=\"col-md-6\"><div class=\"b-item news-item\">\n\t\t\t\t\t\t\t<div class=\"inner-item\"><a href=\"https:\/\/www.adriadizalice.com.hr\/?p=25723\"><img decoding=\"async\" src=\"https:\/\/www.adriadizalice.com.hr\/wp-content\/uploads\/2016\/07\/addtext_com_MDkwOTEyMjEyMDQy-700x420.jpg\" class=\"attachment-slideshow size-slideshow wp-post-image\" alt=\"\" \/><\/a><div class=\"hover-item\">\n\t\t\t\t\t\t\t\t\t\t<ul>\n\t\t\t\t\t\t\t\t\t\t\t<li><a class=\"autor\" href=\"https:\/\/www.adriadizalice.com.hr\/?author=2\"><i class=\"fa fa-user\"><\/i>admin<\/a><\/li>\n\t\t\t\t\t\t\t\t\t\t\t<li><a class=\"date\"><i class=\"fa fa-clock-o\"><\/i> 31\/07\/2016<\/a><\/li><li><a class=\"comment-numb\" href=\"https:\/\/www.adriadizalice.com.hr\/?p=25723#respond\"><i class=\"fa fa-comments\"><\/i> Bez komentara<\/a><\/li><\/ul>\n\t\t\t\t\t\t\t\t\t<\/div><\/div>\n\t\t\t\t\t\t\t<h2><a href=\"https:\/\/www.adriadizalice.com.hr\/?p=25723\">EDILGRU MH 800-28 &#8211; ruka 28 m<\/a><\/h2>\n\t\t\t\t\t\t\t<p>godina 1996 visina do kuke 21m du\u017eine ruke 28m maksimalna nosivost 800kg \/ 2000kg 380 V \/ trofazna[...]<\/p>\n\t\t\t\t\t\t\t<a class=\"read-more\" href=\"https:\/\/www.adriadizalice.com.hr\/?p=25723\">Detaljnije <i class=\"fa fa-arrow-right\"><\/i><\/a>\n\t\t\t\t\t\t<\/div><\/div><\/div><!--end after counter--><div class=\"row\"><div class=\"col-md-6\"><div class=\"b-item news-item\">\n\t\t\t\t\t\t\t<div class=\"inner-item\"><a href=\"https:\/\/www.adriadizalice.com.hr\/?p=9561\"><img decoding=\"async\" src=\"https:\/\/www.adriadizalice.com.hr\/wp-content\/uploads\/2016\/08\/73634602a9828971711-700x420.jpg\" class=\"attachment-slideshow size-slideshow wp-post-image\" alt=\"\" \/><\/a><div class=\"hover-item\">\n\t\t\t\t\t\t\t\t\t\t<ul>\n\t\t\t\t\t\t\t\t\t\t\t<li><a class=\"autor\" href=\"https:\/\/www.adriadizalice.com.hr\/?author=2\"><i class=\"fa fa-user\"><\/i>admin<\/a><\/li>\n\t\t\t\t\t\t\t\t\t\t\t<li><a class=\"date\"><i class=\"fa fa-clock-o\"><\/i> 01\/08\/2016<\/a><\/li><li><a class=\"comment-numb\" href=\"https:\/\/www.adriadizalice.com.hr\/?p=9561#respond\"><i class=\"fa fa-comments\"><\/i> Bez komentara<\/a><\/li><\/ul>\n\t\t\t\t\t\t\t\t\t<\/div><\/div>\n\t\t\t\t\t\t\t<h2><a href=\"https:\/\/www.adriadizalice.com.hr\/?p=9561\">LIEBHERR 112 EC-H8 Litronic<\/a><\/h2>\n\t\t\t\t\t\t\t<p>LIEBHERR 112 EC-H 8\u00a0PDF godina proizvodnje\u00a0 1994 du\u017eina ruke 55m maksimalna nosivost 8000kg \/ 1550kg visina do kuke[...]<\/p>\n\t\t\t\t\t\t\t<a class=\"read-more\" href=\"https:\/\/www.adriadizalice.com.hr\/?p=9561\">Detaljnije <i class=\"fa fa-arrow-right\"><\/i><\/a>\n\t\t\t\t\t\t<\/div><\/div><div class=\"col-md-6\"><div class=\"b-item news-item\">\n\t\t\t\t\t\t\t<div class=\"inner-item\"><a href=\"https:\/\/www.adriadizalice.com.hr\/?p=13841\"><img decoding=\"async\" src=\"https:\/\/www.adriadizalice.com.hr\/wp-content\/uploads\/2016\/08\/154-700x420.jpg\" class=\"attachment-slideshow size-slideshow wp-post-image\" alt=\"\" \/><\/a><div class=\"hover-item\">\n\t\t\t\t\t\t\t\t\t\t<ul>\n\t\t\t\t\t\t\t\t\t\t\t<li><a class=\"autor\" href=\"https:\/\/www.adriadizalice.com.hr\/?author=2\"><i class=\"fa fa-user\"><\/i>admin<\/a><\/li>\n\t\t\t\t\t\t\t\t\t\t\t<li><a class=\"date\"><i class=\"fa fa-clock-o\"><\/i> 01\/08\/2016<\/a><\/li><li><a class=\"comment-numb\" href=\"https:\/\/www.adriadizalice.com.hr\/?p=13841#respond\"><i class=\"fa fa-comments\"><\/i> Bez komentara<\/a><\/li><\/ul>\n\t\t\t\t\t\t\t\t\t<\/div><\/div>\n\t\t\t\t\t\t\t<h2><a href=\"https:\/\/www.adriadizalice.com.hr\/?p=13841\">LIEBHERR 154 EC-HM6 FR.tronic 2003<\/a><\/h2>\n\t\t\t\t\t\t\t<p>LIEBHERR 154 EC-HM6 2003\u00a0PDF visina do kuke 30m du\u017eina ruke 60m lux cabina radio komande kri\u017eno postolje balasti[...]<\/p>\n\t\t\t\t\t\t\t<a class=\"read-more\" href=\"https:\/\/www.adriadizalice.com.hr\/?p=13841\">Detaljnije <i class=\"fa fa-arrow-right\"><\/i><\/a>\n\t\t\t\t\t\t<\/div><\/div><\/div><!--end after counter--><div class=\"row\"><div class=\"col-md-6\"><div class=\"b-item news-item\">\n\t\t\t\t\t\t\t<div class=\"inner-item\"><a href=\"https:\/\/www.adriadizalice.com.hr\/?p=13000\"><img decoding=\"async\" src=\"https:\/\/www.adriadizalice.com.hr\/wp-content\/uploads\/2015\/11\/IMG_0176-700x420.jpg\" class=\"attachment-slideshow size-slideshow wp-post-image\" alt=\"\" \/><\/a><div class=\"hover-item\">\n\t\t\t\t\t\t\t\t\t\t<ul>\n\t\t\t\t\t\t\t\t\t\t\t<li><a class=\"autor\" href=\"https:\/\/www.adriadizalice.com.hr\/?author=2\"><i class=\"fa fa-user\"><\/i>admin<\/a><\/li>\n\t\t\t\t\t\t\t\t\t\t\t<li><a class=\"date\"><i class=\"fa fa-clock-o\"><\/i> 01\/08\/2016<\/a><\/li><li><a class=\"comment-numb\" href=\"https:\/\/www.adriadizalice.com.hr\/?p=13000#respond\"><i class=\"fa fa-comments\"><\/i> Bez komentara<\/a><\/li><\/ul>\n\t\t\t\t\t\t\t\t\t<\/div><\/div>\n\t\t\t\t\t\t\t<h2><a href=\"https:\/\/www.adriadizalice.com.hr\/?p=13000\">ARCOMET VK 32<\/a><\/h2>\n\t\t\t\t\t\t\t<p>\u00a0Arcomet VK 32\u00a0PDF du\u017eina ruke 34m visina do kuke\u00a0 34,30m maksimalna nosivost\u00a0 4000kg\/800kg radio komande cijena 72.000 kuna[...]<\/p>\n\t\t\t\t\t\t\t<a class=\"read-more\" href=\"https:\/\/www.adriadizalice.com.hr\/?p=13000\">Detaljnije <i class=\"fa fa-arrow-right\"><\/i><\/a>\n\t\t\t\t\t\t<\/div><\/div><div class=\"col-md-6\"><div class=\"b-item news-item\">\n\t\t\t\t\t\t\t<div class=\"inner-item\"><a href=\"https:\/\/www.adriadizalice.com.hr\/?p=768\"><img decoding=\"async\" src=\"https:\/\/www.adriadizalice.com.hr\/wp-content\/uploads\/2016\/09\/Anhang-1-700x420.jpg\" class=\"attachment-slideshow size-slideshow wp-post-image\" alt=\"\" \/><\/a><div class=\"hover-item\">\n\t\t\t\t\t\t\t\t\t\t<ul>\n\t\t\t\t\t\t\t\t\t\t\t<li><a class=\"autor\" href=\"https:\/\/www.adriadizalice.com.hr\/?author=2\"><i class=\"fa fa-user\"><\/i>admin<\/a><\/li>\n\t\t\t\t\t\t\t\t\t\t\t<li><a class=\"date\"><i class=\"fa fa-clock-o\"><\/i> 01\/08\/2016<\/a><\/li><li><a class=\"comment-numb\" href=\"https:\/\/www.adriadizalice.com.hr\/?p=768#respond\"><i class=\"fa fa-comments\"><\/i> Bez komentara<\/a><\/li><\/ul>\n\t\t\t\t\t\t\t\t\t<\/div><\/div>\n\t\t\t\t\t\t\t<h2><a href=\"https:\/\/www.adriadizalice.com.hr\/?p=768\">LIEBHERR 35K &#8211; ruka 36m<\/a><\/h2>\n\t\t\t\t\t\t\t<p>LIEBHERR 35K\u00a0PDF godina proizvodnje 1992 visina do kuke 20m (mogu\u0107nost dokupa nastavaka do visine 26m) du\u017eina ruke 36m[...]<\/p>\n\t\t\t\t\t\t\t<a class=\"read-more\" href=\"https:\/\/www.adriadizalice.com.hr\/?p=768\">Detaljnije <i class=\"fa fa-arrow-right\"><\/i><\/a>\n\t\t\t\t\t\t<\/div><\/div><\/div><!--end after counter--><div class=\"row\"><div class=\"col-md-6\"><div class=\"b-item news-item\">\n\t\t\t\t\t\t\t<div class=\"inner-item\"><a href=\"https:\/\/www.adriadizalice.com.hr\/?p=859\"><img decoding=\"async\" src=\"https:\/\/www.adriadizalice.com.hr\/wp-content\/uploads\/2015\/03\/post-13459-1367059099_thumb1-700x411.jpg\" class=\"attachment-slideshow size-slideshow wp-post-image\" alt=\"\" \/><\/a><div class=\"hover-item\">\n\t\t\t\t\t\t\t\t\t\t<ul>\n\t\t\t\t\t\t\t\t\t\t\t<li><a class=\"autor\" href=\"https:\/\/www.adriadizalice.com.hr\/?author=2\"><i class=\"fa fa-user\"><\/i>admin<\/a><\/li>\n\t\t\t\t\t\t\t\t\t\t\t<li><a class=\"date\"><i class=\"fa fa-clock-o\"><\/i> 01\/08\/2016<\/a><\/li><li><a class=\"comment-numb\" href=\"https:\/\/www.adriadizalice.com.hr\/?p=859#respond\"><i class=\"fa fa-comments\"><\/i> Bez komentara<\/a><\/li><\/ul>\n\t\t\t\t\t\t\t\t\t<\/div><\/div>\n\t\t\t\t\t\t\t<h2><a href=\"https:\/\/www.adriadizalice.com.hr\/?p=859\">LIEBHERR 42K.1 2004<\/a><\/h2>\n\t\t\t\t\t\t\t<p>LIEBHERR 42K.1 2004\u00a0PDF du\u017eina ruke 36m visina do kuke 21m maksimalna nosivost 4000kg\/ 1100kg okret 2,5m &#8211; city[...]<\/p>\n\t\t\t\t\t\t\t<a class=\"read-more\" href=\"https:\/\/www.adriadizalice.com.hr\/?p=859\">Detaljnije <i class=\"fa fa-arrow-right\"><\/i><\/a>\n\t\t\t\t\t\t<\/div><\/div><div class=\"col-md-6\"><div class=\"b-item news-item\">\n\t\t\t\t\t\t\t<div class=\"inner-item\"><a href=\"https:\/\/www.adriadizalice.com.hr\/?p=870\"><img decoding=\"async\" src=\"https:\/\/www.adriadizalice.com.hr\/wp-content\/uploads\/2016\/08\/PEKAZETT-TH-2010-2-700x420.jpg\" class=\"attachment-slideshow size-slideshow wp-post-image\" alt=\"\" \/><\/a><div class=\"hover-item\">\n\t\t\t\t\t\t\t\t\t\t<ul>\n\t\t\t\t\t\t\t\t\t\t\t<li><a class=\"autor\" href=\"https:\/\/www.adriadizalice.com.hr\/?author=2\"><i class=\"fa fa-user\"><\/i>admin<\/a><\/li>\n\t\t\t\t\t\t\t\t\t\t\t<li><a class=\"date\"><i class=\"fa fa-clock-o\"><\/i> 01\/08\/2016<\/a><\/li><li><a class=\"comment-numb\" href=\"https:\/\/www.adriadizalice.com.hr\/?p=870#respond\"><i class=\"fa fa-comments\"><\/i> Bez komentara<\/a><\/li><\/ul>\n\t\t\t\t\t\t\t\t\t<\/div><\/div>\n\t\t\t\t\t\t\t<h2><a href=\"https:\/\/www.adriadizalice.com.hr\/?p=870\">PKZ 2010<\/a><\/h2>\n\t\t\t\t\t\t\t<p>PKZ2010\u00a0PDF godina proizvodnje 1990 du\u017eina ruke 23m visina do kuke 18m maksimalna nosivost 1500kg\/750kg radio komande podvozje za[...]<\/p>\n\t\t\t\t\t\t\t<a class=\"read-more\" href=\"https:\/\/www.adriadizalice.com.hr\/?p=870\">Detaljnije <i class=\"fa fa-arrow-right\"><\/i><\/a>\n\t\t\t\t\t\t<\/div><\/div><\/div><!--end after counter--><div class=\"row\"><div class=\"col-md-6\"><div class=\"b-item news-item\">\n\t\t\t\t\t\t\t<div class=\"inner-item\"><a href=\"https:\/\/www.adriadizalice.com.hr\/?p=883\"><img decoding=\"async\" src=\"https:\/\/www.adriadizalice.com.hr\/wp-content\/uploads\/2015\/03\/LIEBHERR-63K-700x420.jpg\" class=\"attachment-slideshow size-slideshow wp-post-image\" alt=\"\" \/><\/a><div class=\"hover-item\">\n\t\t\t\t\t\t\t\t\t\t<ul>\n\t\t\t\t\t\t\t\t\t\t\t<li><a class=\"autor\" href=\"https:\/\/www.adriadizalice.com.hr\/?author=2\"><i class=\"fa fa-user\"><\/i>admin<\/a><\/li>\n\t\t\t\t\t\t\t\t\t\t\t<li><a class=\"date\"><i class=\"fa fa-clock-o\"><\/i> 01\/08\/2016<\/a><\/li><li><a class=\"comment-numb\" href=\"https:\/\/www.adriadizalice.com.hr\/?p=883#respond\"><i class=\"fa fa-comments\"><\/i> Bez komentara<\/a><\/li><\/ul>\n\t\t\t\t\t\t\t\t\t<\/div><\/div>\n\t\t\t\t\t\t\t<h2><a href=\"https:\/\/www.adriadizalice.com.hr\/?p=883\">LIEBHERR 63 K<\/a><\/h2>\n\t\t\t\t\t\t\t<p>LIEBHERR 63K\u00a0PDF godina proizvodnje 1996. du\u017eina ruke 43m visina do kuke 23m (opcije) maksimalna nosivost 6000kg\/1100kg kri\u017eno postolje[...]<\/p>\n\t\t\t\t\t\t\t<a class=\"read-more\" href=\"https:\/\/www.adriadizalice.com.hr\/?p=883\">Detaljnije <i class=\"fa fa-arrow-right\"><\/i><\/a>\n\t\t\t\t\t\t<\/div><\/div><div class=\"col-md-6\"><div class=\"b-item news-item\">\n\t\t\t\t\t\t\t<div class=\"inner-item\"><a href=\"https:\/\/www.adriadizalice.com.hr\/?p=7530\"><img decoding=\"async\" src=\"https:\/\/www.adriadizalice.com.hr\/wp-content\/uploads\/2015\/10\/Image000031-700x420.jpg\" class=\"attachment-slideshow size-slideshow wp-post-image\" alt=\"\" \/><\/a><div class=\"hover-item\">\n\t\t\t\t\t\t\t\t\t\t<ul>\n\t\t\t\t\t\t\t\t\t\t\t<li><a class=\"autor\" href=\"https:\/\/www.adriadizalice.com.hr\/?author=2\"><i class=\"fa fa-user\"><\/i>admin<\/a><\/li>\n\t\t\t\t\t\t\t\t\t\t\t<li><a class=\"date\"><i class=\"fa fa-clock-o\"><\/i> 01\/08\/2016<\/a><\/li><li><a class=\"comment-numb\" href=\"https:\/\/www.adriadizalice.com.hr\/?p=7530#respond\"><i class=\"fa fa-comments\"><\/i> Bez komentara<\/a><\/li><\/ul>\n\t\t\t\t\t\t\t\t\t<\/div><\/div>\n\t\t\t\t\t\t\t<h2><a href=\"https:\/\/www.adriadizalice.com.hr\/?p=7530\">RDLIFT GRD 53 &#8211; VISINA 42m DU\u017dINA RUKE 53m<\/a><\/h2>\n\t\t\t\t\t\t\t<p>\u00a0RD LIFT GRD 53\u00a0PDF godina proizvodnje 2008 du\u017eina ruke 53m visina do kuke 36m + 6m = 42m[...]<\/p>\n\t\t\t\t\t\t\t<a class=\"read-more\" href=\"https:\/\/www.adriadizalice.com.hr\/?p=7530\">Detaljnije <i class=\"fa fa-arrow-right\"><\/i><\/a>\n\t\t\t\t\t\t<\/div><\/div><\/div><!--end after counter--><div class=\"row\"><div class=\"col-md-6\"><div class=\"b-item news-item\">\n\t\t\t\t\t\t\t<div class=\"inner-item\"><a href=\"https:\/\/www.adriadizalice.com.hr\/?p=12238\"><img decoding=\"async\" src=\"https:\/\/www.adriadizalice.com.hr\/wp-content\/uploads\/2016\/08\/PEINER-SMK-205-700x420.jpg\" class=\"attachment-slideshow size-slideshow wp-post-image\" alt=\"\" \/><\/a><div class=\"hover-item\">\n\t\t\t\t\t\t\t\t\t\t<ul>\n\t\t\t\t\t\t\t\t\t\t\t<li><a class=\"autor\" href=\"https:\/\/www.adriadizalice.com.hr\/?author=2\"><i class=\"fa fa-user\"><\/i>admin<\/a><\/li>\n\t\t\t\t\t\t\t\t\t\t\t<li><a class=\"date\"><i class=\"fa fa-clock-o\"><\/i> 01\/08\/2016<\/a><\/li><li><a class=\"comment-numb\" href=\"https:\/\/www.adriadizalice.com.hr\/?p=12238#respond\"><i class=\"fa fa-comments\"><\/i> Bez komentara<\/a><\/li><\/ul>\n\t\t\t\t\t\t\t\t\t<\/div><\/div>\n\t\t\t\t\t\t\t<h2><a href=\"https:\/\/www.adriadizalice.com.hr\/?p=12238\">TEREX PEINER SMK 205<\/a><\/h2>\n\t\t\t\t\t\t\t<p>SMK 205-1\u00a0PDF du\u017eina ruke 33m visina do kuke 26m maksimalna nosivost 4000kg \/ 1000kg radio komande[...]<\/p>\n\t\t\t\t\t\t\t<a class=\"read-more\" href=\"https:\/\/www.adriadizalice.com.hr\/?p=12238\">Detaljnije <i class=\"fa fa-arrow-right\"><\/i><\/a>\n\t\t\t\t\t\t<\/div><\/div><div class=\"col-md-6\"><div class=\"b-item news-item\">\n\t\t\t\t\t\t\t<div class=\"inner-item\"><a href=\"https:\/\/www.adriadizalice.com.hr\/?p=8455\"><img decoding=\"async\" src=\"https:\/\/www.adriadizalice.com.hr\/wp-content\/uploads\/2016\/08\/MA.SOL-HS-23.09-2000-700x420.jpg\" class=\"attachment-slideshow size-slideshow wp-post-image\" alt=\"\" \/><\/a><div class=\"hover-item\">\n\t\t\t\t\t\t\t\t\t\t<ul>\n\t\t\t\t\t\t\t\t\t\t\t<li><a class=\"autor\" href=\"https:\/\/www.adriadizalice.com.hr\/?author=2\"><i class=\"fa fa-user\"><\/i>admin<\/a><\/li>\n\t\t\t\t\t\t\t\t\t\t\t<li><a class=\"date\"><i class=\"fa fa-clock-o\"><\/i> 01\/08\/2016<\/a><\/li><li><a class=\"comment-numb\" href=\"https:\/\/www.adriadizalice.com.hr\/?p=8455#respond\"><i class=\"fa fa-comments\"><\/i> Bez komentara<\/a><\/li><\/ul>\n\t\t\t\t\t\t\t\t\t<\/div><\/div>\n\t\t\t\t\t\t\t<h2><a href=\"https:\/\/www.adriadizalice.com.hr\/?p=8455\">Edilgru ms  HS 23.09 godina 2000. ruka 25m<\/a><\/h2>\n\t\t\t\t\t\t\t<p>Edilgru ms HS 23.09\u00a0PDF gosina proizvodnje 2000 du\u017eina ruke 25m visina do kuke 18m maksimalna nosivost 2000kg\/750kg u[...]<\/p>\n\t\t\t\t\t\t\t<a class=\"read-more\" href=\"https:\/\/www.adriadizalice.com.hr\/?p=8455\">Detaljnije <i class=\"fa fa-arrow-right\"><\/i><\/a>\n\t\t\t\t\t\t<\/div><\/div><\/div><!--end after counter-->\n\t<\/div><!--Close Container--><div class=\"row\"><div class=\"col-md-12 col-xs-12 text-left\"><ul class='page-numbers'>\n\t<li><span aria-current=\"page\" class=\"page-numbers current\">1<\/span><\/li>\n\t<li><a class=\"page-numbers\" href=\"\/index.php?rest_route=%2Fwp%2Fv2%2Fpages%2F470&#038;=2\">2<\/a><\/li>\n\t<li><a class=\"page-numbers\" href=\"\/index.php?rest_route=%2Fwp%2Fv2%2Fpages%2F470&#038;=3\">3<\/a><\/li>\n\t<li><a class=\"page-numbers\" href=\"\/index.php?rest_route=%2Fwp%2Fv2%2Fpages%2F470&#038;=4\">4<\/a><\/li>\n\t<li><a class=\"page-numbers\" href=\"\/index.php?rest_route=%2Fwp%2Fv2%2Fpages%2F470&#038;=5\">5<\/a><\/li>\n\t<li><a class=\"page-numbers\" href=\"\/index.php?rest_route=%2Fwp%2Fv2%2Fpages%2F470&#038;=6\">6<\/a><\/li>\n\t<li><a class=\"next page-numbers\" href=\"\/index.php?rest_route=%2Fwp%2Fv2%2Fpages%2F470&#038;=2\">&raquo;<\/a><\/li>\n<\/ul>\n<\/div><\/div>\n\t\t<\/div> \n\t<\/div> \n<\/div><div class=\"vc_row-full-width\"><\/div>\n","protected":false},"excerpt":{"rendered":"Edilgru ms HS 23.09\u00a0PDF gosina proizvodnje 2000 du\u017eina ruke 25m visina do kuke 18m maksimalna nosivost 2000kg\/750kg u cijeni podvozje za prijevoz \u017ei\u010dane komande radio monade balast ugra\u0111ena mehanika postavljanja balasta dizalice je u izuzetno dobrom stanju cijena 71.250 kn\u00a0 Ex.Works odr\u017eavanje i rezervni dijelovi osigurani kompletna dokumentacija","protected":false},"author":2,"featured_media":0,"parent":0,"menu_order":0,"comment_status":"open","ping_status":"open","template":"","meta":{"footnotes":""},"class_list":["post-470","page","type-page","status-publish","hentry"],"_links":{"self":[{"href":"https:\/\/www.adriadizalice.com.hr\/index.php?rest_route=\/wp\/v2\/pages\/470","targetHints":{"allow":["GET"]}}],"collection":[{"href":"https:\/\/www.adriadizalice.com.hr\/index.php?rest_route=\/wp\/v2\/pages"}],"about":[{"href":"https:\/\/www.adriadizalice.com.hr\/index.php?rest_route=\/wp\/v2\/types\/page"}],"author":[{"embeddable":true,"href":"https:\/\/www.adriadizalice.com.hr\/index.php?rest_route=\/wp\/v2\/users\/2"}],"replies":[{"embeddable":true,"href":"https:\/\/www.adriadizalice.com.hr\/index.php?rest_route=%2Fwp%2Fv2%2Fcomments&post=470"}],"version-history":[{"count":1,"href":"https:\/\/www.adriadizalice.com.hr\/index.php?rest_route=\/wp\/v2\/pages\/470\/revisions"}],"predecessor-version":[{"id":148404,"href":"https:\/\/www.adriadizalice.com.hr\/index.php?rest_route=\/wp\/v2\/pages\/470\/revisions\/148404"}],"wp:attachment":[{"href":"https:\/\/www.adriadizalice.com.hr\/index.php?rest_route=%2Fwp%2Fv2%2Fmedia&parent=470"}],"curies":[{"name":"wp","href":"https:\/\/api.w.org\/{rel}","templated":true}]}}